{"id":16,"date":"2021-01-24T17:59:44","date_gmt":"2021-01-24T17:59:44","guid":{"rendered":"https:\/\/erdibeton.hu\/?page_id=16"},"modified":"2021-02-16T08:01:21","modified_gmt":"2021-02-16T08:01:21","slug":"kapcsolat","status":"publish","type":"page","link":"https:\/\/erdibeton.hu\/?page_id=16","title":{"rendered":"Kapcsolat"},"content":{"rendered":"<p>[et_pb_section fb_built=&#8221;1&#8243; _builder_version=&#8221;4.8.1&#8243; _module_preset=&#8221;default&#8221;][et_pb_row _builder_version=&#8221;4.8.1&#8243; _module_preset=&#8221;default&#8221;][et_pb_column _builder_version=&#8221;4.8.1&#8243; _module_preset=&#8221;default&#8221; type=&#8221;4_4&#8243;][et_pb_code _builder_version=&#8221;4.8.1&#8243; _module_preset=&#8221;default&#8221; hover_enabled=&#8221;0&#8243; sticky_enabled=&#8221;0&#8243;]<!-- Global site tag (gtag.js) - Google Ads: 881271942 --><!-- [et_pb_line_break_holder] --><script async src=\"https:\/\/www.googletagmanager.com\/gtag\/js?id=AW-881271942\"><\/script><!-- [et_pb_line_break_holder] --><script><!-- [et_pb_line_break_holder] -->  window.dataLayer = window.dataLayer || [];<!-- [et_pb_line_break_holder] -->  function gtag(){dataLayer.push(arguments);}<!-- [et_pb_line_break_holder] -->  gtag('js', new Date());<!-- [et_pb_line_break_holder] --><!-- [et_pb_line_break_holder] -->  gtag('config', 'AW-881271942');<!-- [et_pb_line_break_holder] --><\/script><!-- [et_pb_line_break_holder] -->[\/et_pb_code][\/et_pb_column][\/et_pb_row][et_pb_row _builder_version=&#8221;4.8.1&#8243; _module_preset=&#8221;default&#8221; width=&#8221;39%&#8221; width_tablet=&#8221;100%&#8221; width_phone=&#8221;100%&#8221; width_last_edited=&#8221;on|phone&#8221; max_width=&#8221;100%&#8221;][et_pb_column type=&#8221;4_4&#8243; _builder_version=&#8221;4.8.1&#8243; _module_preset=&#8221;default&#8221;][et_pb_contact_form email=&#8221;csehattila01@gmail.com&#8221; custom_message=&#8221;A weboldalon \u00faj \u00fczeneted \u00e9rkezett.||et_pb_line_break_holder||Az \u00fczenet tartalma: ||et_pb_line_break_holder||%%message%%  ||et_pb_line_break_holder||||et_pb_line_break_holder||||et_pb_line_break_holder||Az \u00fcgyf\u00e9l telefonsz\u00e1ma: %%Field_4%%||et_pb_line_break_holder||E-mail c\u00edme: %%Email%%||et_pb_line_break_holder||Ir\u00e1ny\u00edt\u00f3sz\u00e1ma: %%Ir\u00e1ny\u00edt\u00f3sz\u00e1m%%||et_pb_line_break_holder||Szolg\u00e1ltat\u00e1sok, amit ig\u00e9nybe venne az \u00fcgyf\u00e9l: %%Field_5%%||et_pb_line_break_holder||||et_pb_line_break_holder||&#8221; _builder_version=&#8221;4.8.1&#8243; _module_preset=&#8221;default&#8221; form_field_background_color=&#8221;#d1d1d1&#8243; form_field_text_color=&#8221;#000000&#8243; form_field_text_align=&#8221;center&#8221; form_field_font_size=&#8221;14px&#8221; custom_button=&#8221;on&#8221; button_text_size=&#8221;20px&#8221; button_text_color=&#8221;#515151&#8243; button_border_width=&#8221;2px&#8221; button_border_radius=&#8221;11px&#8221;][et_pb_contact_field field_id=&#8221;Name&#8221; field_title=&#8221;N\u00e9v&#8221; fullwidth_field=&#8221;on&#8221; _builder_version=&#8221;4.8.1&#8243; form_field_background_color=&#8221;#666666&#8243; form_field_text_color=&#8221;#FFFFFF&#8221; form_field_font_size=&#8221;23px&#8221; text_orientation=&#8221;center&#8221; button_text_size__hover_enabled=&#8221;off&#8221; button_one_text_size__hover_enabled=&#8221;off&#8221; button_two_text_size__hover_enabled=&#8221;off&#8221; button_text_color__hover_enabled=&#8221;off&#8221; button_one_text_color__hover_enabled=&#8221;off&#8221; button_two_text_color__hover_enabled=&#8221;off&#8221; button_border_width__hover_enabled=&#8221;off&#8221; button_one_border_width__hover_enabled=&#8221;off&#8221; button_two_border_width__hover_enabled=&#8221;off&#8221; button_border_color__hover_enabled=&#8221;off&#8221; button_one_border_color__hover_enabled=&#8221;off&#8221; button_two_border_color__hover_enabled=&#8221;off&#8221; button_border_radius__hover_enabled=&#8221;off&#8221; button_one_border_radius__hover_enabled=&#8221;off&#8221; button_two_border_radius__hover_enabled=&#8221;off&#8221; button_letter_spacing__hover_enabled=&#8221;off&#8221; button_one_letter_spacing__hover_enabled=&#8221;off&#8221; button_two_letter_spacing__hover_enabled=&#8221;off&#8221; button_bg_color__hover_enabled=&#8221;off&#8221; button_one_bg_color__hover_enabled=&#8221;off&#8221; button_two_bg_color__hover_enabled=&#8221;off&#8221;][\/et_pb_contact_field][et_pb_contact_field field_id=&#8221;Field_4&#8243; field_title=&#8221;Telefonsz\u00e1m&#8221; fullwidth_field=&#8221;on&#8221; _builder_version=&#8221;4.8.1&#8243; _module_preset=&#8221;default&#8221; form_field_background_color=&#8221;#666666&#8243; form_field_text_color=&#8221;#FFFFFF&#8221; form_field_font_size=&#8221;23px&#8221; text_orientation=&#8221;center&#8221;][\/et_pb_contact_field][et_pb_contact_field field_id=&#8221;Email&#8221; field_title=&#8221;Email c\u00edm&#8221; field_type=&#8221;email&#8221; fullwidth_field=&#8221;on&#8221; _builder_version=&#8221;3.23&#8243; form_field_background_color=&#8221;#666666&#8243; form_field_text_color=&#8221;#FFFFFF&#8221; form_field_font_size=&#8221;23px&#8221; text_orientation=&#8221;center&#8221; button_text_size__hover_enabled=&#8221;off&#8221; button_one_text_size__hover_enabled=&#8221;off&#8221; button_two_text_size__hover_enabled=&#8221;off&#8221; button_text_color__hover_enabled=&#8221;off&#8221; button_one_text_color__hover_enabled=&#8221;off&#8221; button_two_text_color__hover_enabled=&#8221;off&#8221; button_border_width__hover_enabled=&#8221;off&#8221; button_one_border_width__hover_enabled=&#8221;off&#8221; button_two_border_width__hover_enabled=&#8221;off&#8221; button_border_color__hover_enabled=&#8221;off&#8221; button_one_border_color__hover_enabled=&#8221;off&#8221; button_two_border_color__hover_enabled=&#8221;off&#8221; button_border_radius__hover_enabled=&#8221;off&#8221; button_one_border_radius__hover_enabled=&#8221;off&#8221; button_two_border_radius__hover_enabled=&#8221;off&#8221; button_letter_spacing__hover_enabled=&#8221;off&#8221; button_one_letter_spacing__hover_enabled=&#8221;off&#8221; button_two_letter_spacing__hover_enabled=&#8221;off&#8221; button_bg_color__hover_enabled=&#8221;off&#8221; button_one_bg_color__hover_enabled=&#8221;off&#8221; button_two_bg_color__hover_enabled=&#8221;off&#8221;][\/et_pb_contact_field][et_pb_contact_field field_id=&#8221;Ir\u00e1ny\u00edt\u00f3sz\u00e1m&#8221; field_title=&#8221;Ir\u00e1ny\u00edt\u00f3sz\u00e1m&#8221; min_length=&#8221;3&#8243; max_length=&#8221;4&#8243; required_mark=&#8221;off&#8221; fullwidth_field=&#8221;on&#8221; _builder_version=&#8221;4.8.1&#8243; _module_preset=&#8221;default&#8221; form_field_background_color=&#8221;#666666&#8243; form_field_text_color=&#8221;#FFFFFF&#8221; form_field_font_size=&#8221;23px&#8221; text_orientation=&#8221;center&#8221;][\/et_pb_contact_field][et_pb_contact_field field_id=&#8221;Field_5&#8243; field_title=&#8221;Melyik szolg\u00e1ltat\u00e1sokat veszi ig\u00e9nybe?&#8221; field_type=&#8221;checkbox&#8221; checkbox_options=&#8221;%91{%22value%22:%22Betonsz\u00e1ll\u00edt\u00e1s%22,%22checked%22:0,%22dragID%22:-1},{%22value%22:%22Billencsez\u00e9s%22,%22checked%22:0,%22dragID%22:2},{%22value%22:%22F\u00f6ldmunka%22,%22checked%22:0,%22dragID%22:0},{%22value%22:%22\u00dat\u00e9p\u00edt\u00e9s%22,%22checked%22:0,%22dragID%22:1}%93&#8243; fullwidth_field=&#8221;on&#8221; _builder_version=&#8221;4.8.1&#8243; _module_preset=&#8221;default&#8221; form_field_background_color=&#8221;#939393&#8243; form_field_text_color=&#8221;#3a3a3a&#8221; form_field_focus_background_color=&#8221;#0C71C3&#8243; form_field_focus_text_color=&#8221;#0C71C3&#8243; form_field_font=&#8221;|||on|||||&#8221; form_field_font_size=&#8221;23px&#8221; form_field_line_height=&#8221;1.8em&#8221; text_orientation=&#8221;center&#8221;][\/et_pb_contact_field][et_pb_contact_field field_id=&#8221;Message&#8221; field_title=&#8221;\u00dczenet&#8221; field_type=&#8221;text&#8221; fullwidth_field=&#8221;on&#8221; _builder_version=&#8221;3.23&#8243; form_field_background_color=&#8221;#666666&#8243; form_field_text_color=&#8221;#FFFFFF&#8221; form_field_font_size=&#8221;23px&#8221; text_orientation=&#8221;center&#8221; button_text_size__hover_enabled=&#8221;off&#8221; button_one_text_size__hover_enabled=&#8221;off&#8221; button_two_text_size__hover_enabled=&#8221;off&#8221; button_text_color__hover_enabled=&#8221;off&#8221; button_one_text_color__hover_enabled=&#8221;off&#8221; button_two_text_color__hover_enabled=&#8221;off&#8221; button_border_width__hover_enabled=&#8221;off&#8221; button_one_border_width__hover_enabled=&#8221;off&#8221; button_two_border_width__hover_enabled=&#8221;off&#8221; button_border_color__hover_enabled=&#8221;off&#8221; button_one_border_color__hover_enabled=&#8221;off&#8221; button_two_border_color__hover_enabled=&#8221;off&#8221; button_border_radius__hover_enabled=&#8221;off&#8221; button_one_border_radius__hover_enabled=&#8221;off&#8221; button_two_border_radius__hover_enabled=&#8221;off&#8221; button_letter_spacing__hover_enabled=&#8221;off&#8221; button_one_letter_spacing__hover_enabled=&#8221;off&#8221; button_two_letter_spacing__hover_enabled=&#8221;off&#8221; button_bg_color__hover_enabled=&#8221;off&#8221; button_one_bg_color__hover_enabled=&#8221;off&#8221; button_two_bg_color__hover_enabled=&#8221;off&#8221;][\/et_pb_contact_field][\/et_pb_contact_form][et_pb_code _builder_version=&#8221;4.8.1&#8243; _module_preset=&#8221;default&#8221; hover_enabled=&#8221;0&#8243; sticky_enabled=&#8221;0&#8243;]<!-- Event snippet for Potenci\u00e1lis \u00fcgyf\u00e9l \u0171rlapj\u00e1nak bek\u00fcld\u00e9se conversion page<!-- [et_pb_line_break_holder] -->In your html page, add the snippet and call gtag_report_conversion when someone clicks on the chosen link or button. &#8211;><!-- [et_pb_line_break_holder] --><script><!-- [et_pb_line_break_holder] -->function gtag_report_conversion(url) {<!-- [et_pb_line_break_holder] -->  var callback = function () {<!-- [et_pb_line_break_holder] -->    if (typeof(url) != 'undefined') {<!-- [et_pb_line_break_holder] -->      window.location = url;<!-- [et_pb_line_break_holder] -->    }<!-- [et_pb_line_break_holder] -->  };<!-- [et_pb_line_break_holder] -->  gtag('event', 'conversion', {<!-- [et_pb_line_break_holder] -->      'send_to': 'AW-881271942\/Y7KlCI3Q8fUBEIbJnKQD',<!-- [et_pb_line_break_holder] -->      'event_callback': callback<!-- [et_pb_line_break_holder] -->  });<!-- [et_pb_line_break_holder] -->  return false;<!-- [et_pb_line_break_holder] -->}<!-- [et_pb_line_break_holder] --><\/script>[\/et_pb_code][\/et_pb_column][\/et_pb_row][\/et_pb_section]<\/p>\n","protected":false},"excerpt":{"rendered":"","protected":false},"author":1,"featured_media":0,"parent":0,"menu_order":0,"comment_status":"closed","ping_status":"closed","template":"","meta":{"_et_pb_use_builder":"on","_et_pb_old_content":"<!-- wp:wpforms\/form-selector {\"formId\":\"217\"} \/-->","_et_gb_content_width":"","footnotes":""},"class_list":["post-16","page","type-page","status-publish","hentry"],"aioseo_notices":[],"_links":{"self":[{"href":"https:\/\/erdibeton.hu\/index.php?rest_route=\/wp\/v2\/pages\/16","targetHints":{"allow":["GET"]}}],"collection":[{"href":"https:\/\/erdibeton.hu\/index.php?rest_route=\/wp\/v2\/pages"}],"about":[{"href":"https:\/\/erdibeton.hu\/index.php?rest_route=\/wp\/v2\/types\/page"}],"author":[{"embeddable":true,"href":"https:\/\/erdibeton.hu\/index.php?rest_route=\/wp\/v2\/users\/1"}],"replies":[{"embeddable":true,"href":"https:\/\/erdibeton.hu\/index.php?rest_route=%2Fwp%2Fv2%2Fcomments&post=16"}],"version-history":[{"count":9,"href":"https:\/\/erdibeton.hu\/index.php?rest_route=\/wp\/v2\/pages\/16\/revisions"}],"predecessor-version":[{"id":334,"href":"https:\/\/erdibeton.hu\/index.php?rest_route=\/wp\/v2\/pages\/16\/revisions\/334"}],"wp:attachment":[{"href":"https:\/\/erdibeton.hu\/index.php?rest_route=%2Fwp%2Fv2%2Fmedia&parent=16"}],"curies":[{"name":"wp","href":"https:\/\/api.w.org\/{rel}","templated":true}]}}